er when 143053 is divided by 507.
79
Calculate the remainder when 17990 is divided by 781.
27
What is the remainder when 635887918 is divided by 40?
38
What is the remainder when 100159 is divided by 2521?
1840
What is the remainder when 106183921 is divided by 1406?
1395
Calculate the remainder when 778048 is divided by 402.
178
What is the remainder when 21592029 is divided by 9819?
48
Calculate the remainder when 566119 is divided by 1959.
1927
What is the remainder when 24012496 is divided by 106?
104
Calculate the remainder when 6060228 is divided by 589.
7
What is the remainder when 1401391 is divided by 629?
608
Calculate the remainder when 510639 is divided by 1642.
1619
What is the remainder when 5925140 is divided by 135?
125
Calculate the remainder when 49962 is divided by 2627.
49
Calculate the remainder when 33367 is divided by 33164.
203
What is the remainder when 55395206 is divided by 666?
656
What is the remainder when 10817458 is divided by 19?
17
What is the remainder when 259954 is divided by 374?
24
Calculate the remainder when 72864846 is divided by 141.
135
What is the remainder when 15221847 is divided by 931?
928
What is the remainder when 160492321 is divided by 5944160?
1
What is the remainder when 1130796 is divided by 66515?
41
What is the remainder when 828331 is divided by 253?
9
What is the remainder when 167122 is divided by 55295?
1237
What is the remainder when 865080 is divided by 288303?
171
What is the remainder when 59127 is divided by 11030?
3977
Calculate the remainder when 58314 is divided by 7268.
170
What is the remainder when 22139450 is divided by 62?
56
What is the remainder when 79110 is divided by 395?
110
Calculate the remainder when 44361 is divided by 8313.
2796
Calculate the remainder when 2305736 is divided by 468.
368
What is the remainder when 8799398 is divided by 1466501?
392
What is the remainder when 237331609 is divided by 2847?
2842
What is the remainder when 371763 is divided by 118?
63
Calculate the remainder when 19551354 is divided by 2751.
2748
Calculate the remainder when 1584992507 is divided by 66.
65
What is the remainder when 32292 is divided by 2577?
1368
What is the remainder when 845098 is divided by 17?
11
Calculate the remainder when 2199452 is divided by 46.
8
What is the remainder when 2302631 is divided by 2138?
5
What is the remainder when 243079 is divided by 576?
7
What is the remainder when 513511 is divided by 1407?
1363
What is the remainder when 20543413 is divided by 34?
1
What is the remainder when 3880434 is divided by 149240?
194
What is the remainder when 112940933 is divided by 36?
5
What is the remainder when 143349369 is divided by 71674678?
13
What is the remainder when 156699 is divided by 80?
59
What is the remainder when 734870 is divided by 6335?
10
What is the remainder when 1286814 is divided by 172?
82
What is the remainder when 189999 is divided by 186568?
3431
What is the remainder when 796876 is divided by 80?
76
Calculate the remainder when 310799 is divided by 1406.
73
Calculate the remainder when 118238 is divided by 1907.
4
What is the remainder when 95369 is divided by 31516?
821
Calculate the remainder when 2273956 is divided by 1136881.
194
Calculate the remainder when 1166344 is divided by 193.
45
Calculate the remainder when 636943 is divided by 1382.
1223
What is the remainder when 7656714 is divided by 890?
44
Calculate the remainder when 1975368 is divided by 566.
28
What is the remainder when 1004058 is divided by 22312?
18
What is the remainder when 412188 is divided by 6245?
18
What is the remainder when 4632679 is divided by 1544218?
25
Calculate the remainder when 2835086 is divided by 1172.
18
Calculate the remainder when 137050 is divided by 268.
102
Calculate the remainder when 10195268 is divided by 36.
32
Calculate the remainder when 78654 is divided by 19634.
118
Calculate the remainder when 83162 is divided by 2177.
436
Calculate the remainder when 26197156 is divided by 163.
122
Calculate the remainder when 668353 is divided by 22.
15
What is the remainder when 6849 is divided by 1448?
1057
What is the remainder when 37069 is divided by 3786?
2995
What is the remainder when 229016 is divided by 726?
326
What is the remainder when 3390 is divided by 1592?
206
Calculate the remainder when 4484484 is divided by 498.
492
Calculate the remainder when 1041610 is divided by 52080.
10
What is the remainder when 398928544 is divided by 31?
22
Calculate the remainder when 4100333 is divided by 2050163.
7
What is the remainder when 1522486 is divided by 2634?
34
Calculate the remainder when 11427781 is divided by 2856938.
29
What is the remainder when 979686 is divided by 489105?
1476
Calculate the remainder when 228729 is divided by 873.
3
What is the remainder when 957863 is divided by 106413?
146
Calculate the remainder when 29470400 is divided by 782.
730
What is the remainder when 759052 is divided by 8731?
8186
What is the remainder when 167226 is divided by 47?
0
What is the remainder when 833439 is divided by 125?
64
Calculate the remainder when 2438906 is divided by 1978.
32
Calculate the remainder when 2951373 is divided by 590263.
58
Calculate the remainder when 112819 is divided by 601.
432
Calculate the remainder when 64378 is divided by 32128.
122
What is the remainder when 350890980 is divided by 7331?
7327
Calculate the remainder when 199691535 is divided by 2854.
9
Calculate the remainder when 124087038 is divided by 401.
395
What is the remainder when 645106 is divided by 6381?
625
What is the remainder when 667328 is divided by 4801?
4790
Calculate the remainder when 508761 is divided by 1197.
36
What is the remainder when 67936 is divided by 2564?
1272
What is the remainder when 916710 is divided by 960?
870
What is the remainder when 383957 is divided by 84?
77
Calculate the remainder when 258516 is divided by 1105.
1051
Calculate the remainder when 386193 is divided by 77233.
28
Calculate the remainder when 227293 is divided by 226780.
513
Calculate the remainder when 37224761 is divided by 303.
302
Calculate the remainder when 1555610 is divided by 965.
30
What is the remainder when 19640 is divided by 3691?
1185
What is the remainder when 18298 is divided by 2025?
73
What is the remainder when 1342647 is divided by 38?
31
What is the remainder when 390311 is divided by 389921?
390
Calculate the remainder when 3889756 is divided by 8741.
11
What is the remainder when 9822075 is divided by 401?
382
What is the remainder when 1070692 is divided by 20590?
12
Calculate the remainder when 2048505 is divided by 438.
417
Calculate the remainder when 26281 is divided by 1122.
475
What is the remainder when 140596 is divided by 4872?
4180
Calculate the remainder when 2699812 is divided by 2833.
2796
What is the remainder when 6958170 is divided by 3?
0
What is the remainder when 108134 is divided by 27028?
22
Calculate the remainder when 199916 is divided by 66207.
1295
Calculate the remainder when 3596576 is divided by 3355.
16
Calculate the remainder when 772248 is divided by 22063.
43
What is the remainder when 41335 is divided by 782?
671
What is the remainder when 9472838 is divided by 54?
50
What is the remainder when 6190997 is divided by 2050?
2047
What is the remainder when 144125 is divided by 579?
533
Calculate the remainder when 14649785 is divided by 1389.
2
Calculate the remainder when 4436960 is divided by 40706.
6
What is the remainder when 21201689 is divided by 82177?
23
Calculate the remainder when 4131904 is divided by 4161.
31
What is the remainder when 35739293 is divided by 69?
53
What is the remainder when 1752128 is divided by 1504?
1472
Calculate the remainder when 330764 is divided by 97.
91
Calculate the remainder when 128398733 is divided by 2694.
2693
Calculate the remainder when 4748223 is divided by 74.
13
What is the remainder when 34878 is divided by 4142?
1742
What is the remainder when 6343742 is divided by 1536?
62
Calculate the remainder when 57714 is divided by 19205.
99
What is the remainder when 46596987 is divided by 137?
136
What is the remainder when 7706087 is divided by 20?
7
Calculate the remainder when 4847032 is divided by 46606.
8
Calculate the remainder whe